{"id":13,"date":"2015-05-23T21:43:31","date_gmt":"2015-05-23T21:43:31","guid":{"rendered":"http:\/\/mariageavotreimage.com\/?page_id=13"},"modified":"2024-09-27T12:06:37","modified_gmt":"2024-09-27T12:06:37","slug":"fiancailles","status":"publish","type":"page","link":"http:\/\/mariageavotreimage.com\/index.php\/fiancailles\/","title":{"rendered":"Fian\u00e7ailles"},"content":{"rendered":"<p style=\"text-align: left;\" align=\"center\"><span style=\"color: #808080;\"><b><span style=\"font-size: large;\"><img decoding=\"async\" class=\"alignleft wp-image-3701 size-full\" src=\"https:\/\/mariageavotreimage.com\/wp-content\/uploads\/2024\/09\/fiancaille.jpg\" alt=\"\" width=\"237\" height=\"183\" \/><\/span><\/b><\/span><\/p>\n<p align=\"center\">\n<p style=\"text-align: left;\" align=\"center\"><span style=\"color: #808080;\"><span style=\"font-size: large;\">La p\u00e9riode de fian\u00e7ailles est consid\u00e9r\u00e9e comme un temps de pr\u00e9paration au mariage, permettant aux futurs \u00e9poux de mieux se conna\u00eetre.<\/span><\/span><\/p>\n<h2><\/h2>\n<h2><\/h2>\n<h2><strong>Fian\u00e7ailles<\/strong><\/h2>\n<h2><span style=\"color: #808080;\">Vous \u00eates au d\u00e9but d\u2019une histoire d\u2019amour, apr\u00e8s\u2026 une vie \u00e0 deux ?<\/span><\/h2>\n<div class=\"su-list\" style=\"margin-left:0px\">\n<ul>\n<li><i class=\"sui sui-star\" style=\"color:#333\"><\/i> C\u00e9l\u00e9brer les fian\u00e7ailles, c\u2019est marquer le d\u00e9but d\u2019un chemin.<\/li>\n<li><i class=\"sui sui-star\" style=\"color:#333\"><\/i> Une c\u00e9l\u00e9bration tr\u00e8s simple pour marquer cet \u00e9v\u00e8nement.<\/li>\n<\/ul>\n<\/div>\n<h1><div class=\"su-heading su-heading-style-default su-heading-align-center\" id=\"\" style=\"font-size:13px;margin-bottom:20px\"><div class=\"su-heading-inner\">Vous d\u00e9sirez vous fiancer?<\/div><\/div><\/h1>\n<h1><\/h1>\n<p>&nbsp;<\/p>\n","protected":false},"excerpt":{"rendered":"<p>La p\u00e9riode de fian\u00e7ailles est consid\u00e9r\u00e9e comme un temps de pr\u00e9paration au mariage, permettant aux futurs \u00e9poux de mieux se conna\u00eetre. Fian\u00e7ailles Vous \u00eates au d\u00e9but d\u2019une histoire d\u2019amour, apr\u00e8s\u2026 une vie \u00e0 deux ? &nbsp;<\/p>\n","protected":false},"author":1,"featured_media":0,"parent":0,"menu_order":0,"comment_status":"closed","ping_status":"closed","template":"","meta":{"footnotes":""},"class_list":["post-13","page","type-page","status-publish","hentry"],"yoast_head":"<!-- This site is optimized with the Yoast SEO plugin v23.2 - https:\/\/yoast.com\/wordpress\/plugins\/seo\/ -->\n<title>418 932-6399 C\u00e9l\u00e9bration mariage civil | Fian\u00e7ailles<\/title>\n<meta name=\"description\" content=\"Mariage ville de qu\u00e9bec, C\u00e9l\u00e9bration mariage civil ville de qu\u00e9bec, certificat de mariage qu\u00e9bec, mariage qu\u00e9bec, Fian\u00e7ailles\" \/>\n<meta name=\"robots\" content=\"index, follow, max-snippet:-1, max-image-preview:large, max-video-preview:-1\" \/>\n<link rel=\"canonical\" href=\"http:\/\/mariageavotreimage.com\/index.php\/fiancailles\/\" \/>\n<meta property=\"og:locale\" content=\"fr_CA\" \/>\n<meta property=\"og:type\" content=\"article\" \/>\n<meta property=\"og:title\" content=\"418 932-6399 C\u00e9l\u00e9bration mariage civil | Fian\u00e7ailles\" \/>\n<meta property=\"og:description\" content=\"Mariage ville de qu\u00e9bec, C\u00e9l\u00e9bration mariage civil ville de qu\u00e9bec, certificat de mariage qu\u00e9bec, mariage qu\u00e9bec, Fian\u00e7ailles\" \/>\n<meta property=\"og:url\" content=\"http:\/\/mariageavotreimage.com\/index.php\/fiancailles\/\" \/>\n<meta property=\"og:site_name\" content=\"C\u00e9l\u00e9brant mariage Qu\u00e9bec\" \/>\n<meta property=\"article:publisher\" content=\"https:\/\/www.facebook.com\/mariage.avotreimage?fref=ts\" \/>\n<meta property=\"article:modified_time\" content=\"2024-09-27T12:06:37+00:00\" \/>\n<meta property=\"og:image\" content=\"https:\/\/mariageavotreimage.com\/wp-content\/uploads\/2024\/09\/fiancaille.jpg\" \/>\n<meta name=\"twitter:card\" content=\"summary_large_image\" \/>\n<meta name=\"twitter:site\" content=\"@celebranmariage\" \/>\n<meta name=\"twitter:label1\" content=\"Estimation du temps de lecture\" \/>\n\t<meta name=\"twitter:data1\" content=\"1 minute\" \/>\n<script type=\"application\/ld+json\" class=\"yoast-schema-graph\">{\"@context\":\"https:\/\/schema.org\",\"@graph\":[{\"@type\":\"WebPage\",\"@id\":\"http:\/\/mariageavotreimage.com\/index.php\/fiancailles\/\",\"url\":\"http:\/\/mariageavotreimage.com\/index.php\/fiancailles\/\",\"name\":\"418 932-6399 C\u00e9l\u00e9bration mariage civil | Fian\u00e7ailles\",\"isPartOf\":{\"@id\":\"http:\/\/mariageavotreimage.com\/#website\"},\"primaryImageOfPage\":{\"@id\":\"http:\/\/mariageavotreimage.com\/index.php\/fiancailles\/#primaryimage\"},\"image\":{\"@id\":\"http:\/\/mariageavotreimage.com\/index.php\/fiancailles\/#primaryimage\"},\"thumbnailUrl\":\"https:\/\/mariageavotreimage.com\/wp-content\/uploads\/2024\/09\/fiancaille.jpg\",\"datePublished\":\"2015-05-23T21:43:31+00:00\",\"dateModified\":\"2024-09-27T12:06:37+00:00\",\"description\":\"Mariage ville de qu\u00e9bec, C\u00e9l\u00e9bration mariage civil ville de qu\u00e9bec, certificat de mariage qu\u00e9bec, mariage qu\u00e9bec, Fian\u00e7ailles\",\"breadcrumb\":{\"@id\":\"http:\/\/mariageavotreimage.com\/index.php\/fiancailles\/#breadcrumb\"},\"inLanguage\":\"fr-CA\",\"potentialAction\":[{\"@type\":\"ReadAction\",\"target\":[\"http:\/\/mariageavotreimage.com\/index.php\/fiancailles\/\"]}]},{\"@type\":\"ImageObject\",\"inLanguage\":\"fr-CA\",\"@id\":\"http:\/\/mariageavotreimage.com\/index.php\/fiancailles\/#primaryimage\",\"url\":\"http:\/\/mariageavotreimage.com\/wp-content\/uploads\/2024\/09\/fiancaille.jpg\",\"contentUrl\":\"http:\/\/mariageavotreimage.com\/wp-content\/uploads\/2024\/09\/fiancaille.jpg\",\"width\":237,\"height\":183},{\"@type\":\"BreadcrumbList\",\"@id\":\"http:\/\/mariageavotreimage.com\/index.php\/fiancailles\/#breadcrumb\",\"itemListElement\":[{\"@type\":\"ListItem\",\"position\":1,\"name\":\"Home\",\"item\":\"http:\/\/mariageavotreimage.com\/\"},{\"@type\":\"ListItem\",\"position\":2,\"name\":\"Fian\u00e7ailles\"}]},{\"@type\":\"WebSite\",\"@id\":\"http:\/\/mariageavotreimage.com\/#website\",\"url\":\"http:\/\/mariageavotreimage.com\/\",\"name\":\"C\u00e9l\u00e9brant mariage Qu\u00e9bec\",\"description\":\"C\u00e9l\u00e9brant mariage\",\"potentialAction\":[{\"@type\":\"SearchAction\",\"target\":{\"@type\":\"EntryPoint\",\"urlTemplate\":\"http:\/\/mariageavotreimage.com\/?s={search_term_string}\"},\"query-input\":\"required name=search_term_string\"}],\"inLanguage\":\"fr-CA\"}]}<\/script>\n<!-- \/ Yoast SEO plugin. -->","yoast_head_json":{"title":"418 932-6399 C\u00e9l\u00e9bration mariage civil | Fian\u00e7ailles","description":"Mariage ville de qu\u00e9bec, C\u00e9l\u00e9bration mariage civil ville de qu\u00e9bec, certificat de mariage qu\u00e9bec, mariage qu\u00e9bec, Fian\u00e7ailles","robots":{"index":"index","follow":"follow","max-snippet":"max-snippet:-1","max-image-preview":"max-image-preview:large","max-video-preview":"max-video-preview:-1"},"canonical":"http:\/\/mariageavotreimage.com\/index.php\/fiancailles\/","og_locale":"fr_CA","og_type":"article","og_title":"418 932-6399 C\u00e9l\u00e9bration mariage civil | Fian\u00e7ailles","og_description":"Mariage ville de qu\u00e9bec, C\u00e9l\u00e9bration mariage civil ville de qu\u00e9bec, certificat de mariage qu\u00e9bec, mariage qu\u00e9bec, Fian\u00e7ailles","og_url":"http:\/\/mariageavotreimage.com\/index.php\/fiancailles\/","og_site_name":"C\u00e9l\u00e9brant mariage Qu\u00e9bec","article_publisher":"https:\/\/www.facebook.com\/mariage.avotreimage?fref=ts","article_modified_time":"2024-09-27T12:06:37+00:00","og_image":[{"url":"https:\/\/mariageavotreimage.com\/wp-content\/uploads\/2024\/09\/fiancaille.jpg"}],"twitter_card":"summary_large_image","twitter_site":"@celebranmariage","twitter_misc":{"Estimation du temps de lecture":"1 minute"},"schema":{"@context":"https:\/\/schema.org","@graph":[{"@type":"WebPage","@id":"http:\/\/mariageavotreimage.com\/index.php\/fiancailles\/","url":"http:\/\/mariageavotreimage.com\/index.php\/fiancailles\/","name":"418 932-6399 C\u00e9l\u00e9bration mariage civil | Fian\u00e7ailles","isPartOf":{"@id":"http:\/\/mariageavotreimage.com\/#website"},"primaryImageOfPage":{"@id":"http:\/\/mariageavotreimage.com\/index.php\/fiancailles\/#primaryimage"},"image":{"@id":"http:\/\/mariageavotreimage.com\/index.php\/fiancailles\/#primaryimage"},"thumbnailUrl":"https:\/\/mariageavotreimage.com\/wp-content\/uploads\/2024\/09\/fiancaille.jpg","datePublished":"2015-05-23T21:43:31+00:00","dateModified":"2024-09-27T12:06:37+00:00","description":"Mariage ville de qu\u00e9bec, C\u00e9l\u00e9bration mariage civil ville de qu\u00e9bec, certificat de mariage qu\u00e9bec, mariage qu\u00e9bec, Fian\u00e7ailles","breadcrumb":{"@id":"http:\/\/mariageavotreimage.com\/index.php\/fiancailles\/#breadcrumb"},"inLanguage":"fr-CA","potentialAction":[{"@type":"ReadAction","target":["http:\/\/mariageavotreimage.com\/index.php\/fiancailles\/"]}]},{"@type":"ImageObject","inLanguage":"fr-CA","@id":"http:\/\/mariageavotreimage.com\/index.php\/fiancailles\/#primaryimage","url":"http:\/\/mariageavotreimage.com\/wp-content\/uploads\/2024\/09\/fiancaille.jpg","contentUrl":"http:\/\/mariageavotreimage.com\/wp-content\/uploads\/2024\/09\/fiancaille.jpg","width":237,"height":183},{"@type":"BreadcrumbList","@id":"http:\/\/mariageavotreimage.com\/index.php\/fiancailles\/#breadcrumb","itemListElement":[{"@type":"ListItem","position":1,"name":"Home","item":"http:\/\/mariageavotreimage.com\/"},{"@type":"ListItem","position":2,"name":"Fian\u00e7ailles"}]},{"@type":"WebSite","@id":"http:\/\/mariageavotreimage.com\/#website","url":"http:\/\/mariageavotreimage.com\/","name":"C\u00e9l\u00e9brant mariage Qu\u00e9bec","description":"C\u00e9l\u00e9brant mariage","potentialAction":[{"@type":"SearchAction","target":{"@type":"EntryPoint","urlTemplate":"http:\/\/mariageavotreimage.com\/?s={search_term_string}"},"query-input":"required name=search_term_string"}],"inLanguage":"fr-CA"}]}},"_links":{"self":[{"href":"http:\/\/mariageavotreimage.com\/index.php\/wp-json\/wp\/v2\/pages\/13"}],"collection":[{"href":"http:\/\/mariageavotreimage.com\/index.php\/wp-json\/wp\/v2\/pages"}],"about":[{"href":"http:\/\/mariageavotreimage.com\/index.php\/wp-json\/wp\/v2\/types\/page"}],"author":[{"embeddable":true,"href":"http:\/\/mariageavotreimage.com\/index.php\/wp-json\/wp\/v2\/users\/1"}],"replies":[{"embeddable":true,"href":"http:\/\/mariageavotreimage.com\/index.php\/wp-json\/wp\/v2\/comments?post=13"}],"version-history":[{"count":22,"href":"http:\/\/mariageavotreimage.com\/index.php\/wp-json\/wp\/v2\/pages\/13\/revisions"}],"predecessor-version":[{"id":3705,"href":"http:\/\/mariageavotreimage.com\/index.php\/wp-json\/wp\/v2\/pages\/13\/revisions\/3705"}],"wp:attachment":[{"href":"http:\/\/mariageavotreimage.com\/index.php\/wp-json\/wp\/v2\/media?parent=13"}],"curies":[{"name":"wp","href":"https:\/\/api.w.org\/{rel}","templated":true}]}}