{"id":17,"date":"2015-05-23T21:43:53","date_gmt":"2015-05-23T21:43:53","guid":{"rendered":"http:\/\/mariageavotreimage.com\/?page_id=17"},"modified":"2024-08-14T12:32:21","modified_gmt":"2024-08-14T12:32:21","slug":"funerailles","status":"publish","type":"page","link":"http:\/\/mariageavotreimage.com\/index.php\/funerailles\/","title":{"rendered":"Fun\u00e9railles"},"content":{"rendered":"<p><img fetchpriority=\"high\" decoding=\"async\" class=\"wp-image-3563 size-large alignnone\" src=\"https:\/\/mariageavotreimage.com\/wp-content\/uploads\/2024\/07\/IMG_2107-768x1024.jpg\" alt=\"\" width=\"768\" height=\"1024\" srcset=\"http:\/\/mariageavotreimage.com\/wp-content\/uploads\/2024\/07\/IMG_2107-768x1024.jpg 768w, http:\/\/mariageavotreimage.com\/wp-content\/uploads\/2024\/07\/IMG_2107-225x300.jpg 225w, http:\/\/mariageavotreimage.com\/wp-content\/uploads\/2024\/07\/IMG_2107-1152x1536.jpg 1152w, http:\/\/mariageavotreimage.com\/wp-content\/uploads\/2024\/07\/IMG_2107.jpg 1536w\" sizes=\"(max-width: 768px) 100vw, 768px\" \/><\/p>\n<h2>Liturgie de la Parole<\/h2>\n<p><span style=\"color: #808080;\"><strong>Une personne ch\u00e8re ne nous quitte jamais !<\/strong><\/span><\/p>\n<p><span style=\"color: #999999;\"><strong>Elle vit au plus profond de notre coeur et, pour la revoir&#8230; il suffit de fermer les yeux !<\/strong><\/span><b><\/b><\/p>\n<p>&nbsp;<\/p>\n<p><span style=\"color: #808080;\">Pour la plupart, il est difficile d\u2019apprivoiser la mort, vivre ensuite cette impression de vide qui prend toute la place. Je suis en mesure de vous accompagner dans ce passage de vie. Avec vous, je saurai pr\u00e9parer une c\u00e9r\u00e9monie personnalis\u00e9e, respectueuse des croyances de la personne d\u00e9c\u00e9d\u00e9e, de ses parents et amis.<\/span><\/p>\n<p><span style=\"color: #808080;\">Ce moment permettra de rendre hommage \u00e0 l\u2019\u00eatre disparu pour le laisser ensuite poursuivre son cheminement dans cette autre dimension o\u00f9 il \u00e9voluera d\u00e9sormais.<\/span><\/p>\n<p><span style=\"color: #808080;\">La vie n&rsquo;est pas une destination, elle est le voyage. On commence \u00e0\u00a0aimer avec le coeur et un jour malheureux on continue \u00e0 aimer avec la m\u00e9moire. <\/span><\/p>\n<h2><span style=\"color: #808080;\">Laissez-nous \u00eatre pr\u00e8s de vous&#8230;<\/span><\/h2>\n<p>&nbsp;<\/p>\n","protected":false},"excerpt":{"rendered":"<p>Liturgie de la Parole Une personne ch\u00e8re ne nous quitte jamais ! Elle vit au plus profond de notre coeur et, pour la revoir&#8230; il suffit de fermer les yeux ! &nbsp; Pour la plupart, il est difficile d\u2019apprivoiser la [&hellip;]<\/p>\n","protected":false},"author":1,"featured_media":0,"parent":0,"menu_order":0,"comment_status":"closed","ping_status":"closed","template":"","meta":{"footnotes":""},"class_list":["post-17","page","type-page","status-publish","hentry"],"yoast_head":"<!-- This site is optimized with the Yoast SEO plugin v23.2 - https:\/\/yoast.com\/wordpress\/plugins\/seo\/ -->\n<title>418 932-6399 c\u00e9l\u00e9bration fun\u00e9railles Montr\u00e9al<\/title>\n<meta name=\"description\" content=\"c\u00e9l\u00e9bration fun\u00e9railles Montr\u00e9al, fun\u00e9railles religieuses, fun\u00e9railles catholiques, fun\u00e9railles Qu\u00e9bec, fun\u00e9railles juives, fun\u00e9railles nationales\" \/>\n<meta name=\"robots\" content=\"index, follow, max-snippet:-1, max-image-preview:large, max-video-preview:-1\" \/>\n<link rel=\"canonical\" href=\"http:\/\/mariageavotreimage.com\/index.php\/funerailles\/\" \/>\n<meta property=\"og:locale\" content=\"fr_CA\" \/>\n<meta property=\"og:type\" content=\"article\" \/>\n<meta property=\"og:title\" content=\"418 932-6399 c\u00e9l\u00e9bration fun\u00e9railles Montr\u00e9al\" \/>\n<meta property=\"og:description\" content=\"c\u00e9l\u00e9bration fun\u00e9railles Montr\u00e9al, fun\u00e9railles religieuses, fun\u00e9railles catholiques, fun\u00e9railles Qu\u00e9bec, fun\u00e9railles juives, fun\u00e9railles nationales\" \/>\n<meta property=\"og:url\" content=\"http:\/\/mariageavotreimage.com\/index.php\/funerailles\/\" \/>\n<meta property=\"og:site_name\" content=\"C\u00e9l\u00e9brant mariage Qu\u00e9bec\" \/>\n<meta property=\"article:publisher\" content=\"https:\/\/www.facebook.com\/mariage.avotreimage?fref=ts\" \/>\n<meta property=\"article:modified_time\" content=\"2024-08-14T12:32:21+00:00\" \/>\n<meta property=\"og:image\" content=\"https:\/\/mariageavotreimage.com\/wp-content\/uploads\/2024\/07\/IMG_2107-768x1024.jpg\" \/>\n<meta name=\"twitter:card\" content=\"summary_large_image\" \/>\n<meta name=\"twitter:site\" content=\"@celebranmariage\" \/>\n<meta name=\"twitter:label1\" content=\"Estimation du temps de lecture\" \/>\n\t<meta name=\"twitter:data1\" content=\"1 minute\" \/>\n<script type=\"application\/ld+json\" class=\"yoast-schema-graph\">{\"@context\":\"https:\/\/schema.org\",\"@graph\":[{\"@type\":\"WebPage\",\"@id\":\"http:\/\/mariageavotreimage.com\/index.php\/funerailles\/\",\"url\":\"http:\/\/mariageavotreimage.com\/index.php\/funerailles\/\",\"name\":\"418 932-6399 c\u00e9l\u00e9bration fun\u00e9railles Montr\u00e9al\",\"isPartOf\":{\"@id\":\"http:\/\/mariageavotreimage.com\/#website\"},\"primaryImageOfPage\":{\"@id\":\"http:\/\/mariageavotreimage.com\/index.php\/funerailles\/#primaryimage\"},\"image\":{\"@id\":\"http:\/\/mariageavotreimage.com\/index.php\/funerailles\/#primaryimage\"},\"thumbnailUrl\":\"https:\/\/mariageavotreimage.com\/wp-content\/uploads\/2024\/07\/IMG_2107-768x1024.jpg\",\"datePublished\":\"2015-05-23T21:43:53+00:00\",\"dateModified\":\"2024-08-14T12:32:21+00:00\",\"description\":\"c\u00e9l\u00e9bration fun\u00e9railles Montr\u00e9al, fun\u00e9railles religieuses, fun\u00e9railles catholiques, fun\u00e9railles Qu\u00e9bec, fun\u00e9railles juives, fun\u00e9railles nationales\",\"breadcrumb\":{\"@id\":\"http:\/\/mariageavotreimage.com\/index.php\/funerailles\/#breadcrumb\"},\"inLanguage\":\"fr-CA\",\"potentialAction\":[{\"@type\":\"ReadAction\",\"target\":[\"http:\/\/mariageavotreimage.com\/index.php\/funerailles\/\"]}]},{\"@type\":\"ImageObject\",\"inLanguage\":\"fr-CA\",\"@id\":\"http:\/\/mariageavotreimage.com\/index.php\/funerailles\/#primaryimage\",\"url\":\"http:\/\/mariageavotreimage.com\/wp-content\/uploads\/2024\/07\/IMG_2107.jpg\",\"contentUrl\":\"http:\/\/mariageavotreimage.com\/wp-content\/uploads\/2024\/07\/IMG_2107.jpg\",\"width\":1536,\"height\":2048},{\"@type\":\"BreadcrumbList\",\"@id\":\"http:\/\/mariageavotreimage.com\/index.php\/funerailles\/#breadcrumb\",\"itemListElement\":[{\"@type\":\"ListItem\",\"position\":1,\"name\":\"Home\",\"item\":\"http:\/\/mariageavotreimage.com\/\"},{\"@type\":\"ListItem\",\"position\":2,\"name\":\"Fun\u00e9railles\"}]},{\"@type\":\"WebSite\",\"@id\":\"http:\/\/mariageavotreimage.com\/#website\",\"url\":\"http:\/\/mariageavotreimage.com\/\",\"name\":\"C\u00e9l\u00e9brant mariage Qu\u00e9bec\",\"description\":\"C\u00e9l\u00e9brant mariage\",\"potentialAction\":[{\"@type\":\"SearchAction\",\"target\":{\"@type\":\"EntryPoint\",\"urlTemplate\":\"http:\/\/mariageavotreimage.com\/?s={search_term_string}\"},\"query-input\":\"required name=search_term_string\"}],\"inLanguage\":\"fr-CA\"}]}<\/script>\n<!-- \/ Yoast SEO plugin. -->","yoast_head_json":{"title":"418 932-6399 c\u00e9l\u00e9bration fun\u00e9railles Montr\u00e9al","description":"c\u00e9l\u00e9bration fun\u00e9railles Montr\u00e9al, fun\u00e9railles religieuses, fun\u00e9railles catholiques, fun\u00e9railles Qu\u00e9bec, fun\u00e9railles juives, fun\u00e9railles nationales","robots":{"index":"index","follow":"follow","max-snippet":"max-snippet:-1","max-image-preview":"max-image-preview:large","max-video-preview":"max-video-preview:-1"},"canonical":"http:\/\/mariageavotreimage.com\/index.php\/funerailles\/","og_locale":"fr_CA","og_type":"article","og_title":"418 932-6399 c\u00e9l\u00e9bration fun\u00e9railles Montr\u00e9al","og_description":"c\u00e9l\u00e9bration fun\u00e9railles Montr\u00e9al, fun\u00e9railles religieuses, fun\u00e9railles catholiques, fun\u00e9railles Qu\u00e9bec, fun\u00e9railles juives, fun\u00e9railles nationales","og_url":"http:\/\/mariageavotreimage.com\/index.php\/funerailles\/","og_site_name":"C\u00e9l\u00e9brant mariage Qu\u00e9bec","article_publisher":"https:\/\/www.facebook.com\/mariage.avotreimage?fref=ts","article_modified_time":"2024-08-14T12:32:21+00:00","og_image":[{"url":"https:\/\/mariageavotreimage.com\/wp-content\/uploads\/2024\/07\/IMG_2107-768x1024.jpg"}],"twitter_card":"summary_large_image","twitter_site":"@celebranmariage","twitter_misc":{"Estimation du temps de lecture":"1 minute"},"schema":{"@context":"https:\/\/schema.org","@graph":[{"@type":"WebPage","@id":"http:\/\/mariageavotreimage.com\/index.php\/funerailles\/","url":"http:\/\/mariageavotreimage.com\/index.php\/funerailles\/","name":"418 932-6399 c\u00e9l\u00e9bration fun\u00e9railles Montr\u00e9al","isPartOf":{"@id":"http:\/\/mariageavotreimage.com\/#website"},"primaryImageOfPage":{"@id":"http:\/\/mariageavotreimage.com\/index.php\/funerailles\/#primaryimage"},"image":{"@id":"http:\/\/mariageavotreimage.com\/index.php\/funerailles\/#primaryimage"},"thumbnailUrl":"https:\/\/mariageavotreimage.com\/wp-content\/uploads\/2024\/07\/IMG_2107-768x1024.jpg","datePublished":"2015-05-23T21:43:53+00:00","dateModified":"2024-08-14T12:32:21+00:00","description":"c\u00e9l\u00e9bration fun\u00e9railles Montr\u00e9al, fun\u00e9railles religieuses, fun\u00e9railles catholiques, fun\u00e9railles Qu\u00e9bec, fun\u00e9railles juives, fun\u00e9railles nationales","breadcrumb":{"@id":"http:\/\/mariageavotreimage.com\/index.php\/funerailles\/#breadcrumb"},"inLanguage":"fr-CA","potentialAction":[{"@type":"ReadAction","target":["http:\/\/mariageavotreimage.com\/index.php\/funerailles\/"]}]},{"@type":"ImageObject","inLanguage":"fr-CA","@id":"http:\/\/mariageavotreimage.com\/index.php\/funerailles\/#primaryimage","url":"http:\/\/mariageavotreimage.com\/wp-content\/uploads\/2024\/07\/IMG_2107.jpg","contentUrl":"http:\/\/mariageavotreimage.com\/wp-content\/uploads\/2024\/07\/IMG_2107.jpg","width":1536,"height":2048},{"@type":"BreadcrumbList","@id":"http:\/\/mariageavotreimage.com\/index.php\/funerailles\/#breadcrumb","itemListElement":[{"@type":"ListItem","position":1,"name":"Home","item":"http:\/\/mariageavotreimage.com\/"},{"@type":"ListItem","position":2,"name":"Fun\u00e9railles"}]},{"@type":"WebSite","@id":"http:\/\/mariageavotreimage.com\/#website","url":"http:\/\/mariageavotreimage.com\/","name":"C\u00e9l\u00e9brant mariage Qu\u00e9bec","description":"C\u00e9l\u00e9brant mariage","potentialAction":[{"@type":"SearchAction","target":{"@type":"EntryPoint","urlTemplate":"http:\/\/mariageavotreimage.com\/?s={search_term_string}"},"query-input":"required name=search_term_string"}],"inLanguage":"fr-CA"}]}},"_links":{"self":[{"href":"http:\/\/mariageavotreimage.com\/index.php\/wp-json\/wp\/v2\/pages\/17"}],"collection":[{"href":"http:\/\/mariageavotreimage.com\/index.php\/wp-json\/wp\/v2\/pages"}],"about":[{"href":"http:\/\/mariageavotreimage.com\/index.php\/wp-json\/wp\/v2\/types\/page"}],"author":[{"embeddable":true,"href":"http:\/\/mariageavotreimage.com\/index.php\/wp-json\/wp\/v2\/users\/1"}],"replies":[{"embeddable":true,"href":"http:\/\/mariageavotreimage.com\/index.php\/wp-json\/wp\/v2\/comments?post=17"}],"version-history":[{"count":9,"href":"http:\/\/mariageavotreimage.com\/index.php\/wp-json\/wp\/v2\/pages\/17\/revisions"}],"predecessor-version":[{"id":3602,"href":"http:\/\/mariageavotreimage.com\/index.php\/wp-json\/wp\/v2\/pages\/17\/revisions\/3602"}],"wp:attachment":[{"href":"http:\/\/mariageavotreimage.com\/index.php\/wp-json\/wp\/v2\/media?parent=17"}],"curies":[{"name":"wp","href":"https:\/\/api.w.org\/{rel}","templated":true}]}}

Funérailles

<p><img fetchpriority="high" decoding="async" class="wp-image-3563 size-large alignnone" src="https://mariageavotreimage.com/wp-content/uploads/2024/07/IMG_2107-768x1024.jpg" alt="" width="768" height="1024" srcset="http://mariageavotreimage.com/wp-content/uploads/2024/07/IMG_2107-768x1024.jpg 768w, http://mariageavotreimage.com/wp-content/uploads/2024/07/IMG_2107-225x300.jpg 225w, http://mariageavotreimage.com/wp-content/uploads/2024/07/IMG_2107-1152x1536.jpg 1152w, http://mariageavotreimage.com/wp-content/uploads/2024/07/IMG_2107.jpg 1536w" sizes="(max-width: 768px) 100vw, 768px" /></p>
<h2>Liturgie de la Parole</h2>
<p><span style="color: #808080;"><strong>Une personne chère ne nous quitte jamais !</strong></span></p>
<p><span style="color: #999999;"><strong>Elle vit au plus profond de notre coeur et, pour la revoir&#8230; il suffit de fermer les yeux !</strong></span><b></b></p>
<p>&nbsp;</p>
<p><span style="color: #808080;">Pour la plupart, il est difficile d’apprivoiser la mort, vivre ensuite cette impression de vide qui prend toute la place. Je suis en mesure de vous accompagner dans ce passage de vie. Avec vous, je saurai préparer une cérémonie personnalisée, respectueuse des croyances de la personne décédée, de ses parents et amis.</span></p>
<p><span style="color: #808080;">Ce moment permettra de rendre hommage à l’être disparu pour le laisser ensuite poursuivre son cheminement dans cette autre dimension où il évoluera désormais.</span></p>
<p><span style="color: #808080;">La vie n&rsquo;est pas une destination, elle est le voyage. On commence à aimer avec le coeur et un jour malheureux on continue à aimer avec la mémoire. </span></p>
<h2><span style="color: #808080;">Laissez-nous être près de vous&#8230;</span></h2>
<p>&nbsp;</p>

<p>Liturgie de la Parole Une personne chère ne nous quitte jamais ! Elle vit au plus profond de notre coeur et, pour la revoir&#8230; il suffit de fermer les yeux ! &nbsp; Pour la plupart, il est difficile d’apprivoiser la [&hellip;]</p>

<!-- This site is optimized with the Yoast SEO plugin v23.2 - https://yoast.com/wordpress/plugins/seo/ -->
<title>418 932-6399 célébration funérailles Montréal</title>
<meta name="description" content="célébration funérailles Montréal, funérailles religieuses, funérailles catholiques, funérailles Québec, funérailles juives, funérailles nationales" />
<meta name="robots" content="index, follow, max-snippet:-1, max-image-preview:large, max-video-preview:-1" />
<link rel="canonical" href="http://mariageavotreimage.com/index.php/funerailles/" />
<meta property="og:locale" content="fr_CA" />
<meta property="og:type" content="article" />
<meta property="og:title" content="418 932-6399 célébration funérailles Montréal" />
<meta property="og:description" content="célébration funérailles Montréal, funérailles religieuses, funérailles catholiques, funérailles Québec, funérailles juives, funérailles nationales" />
<meta property="og:url" content="http://mariageavotreimage.com/index.php/funerailles/" />
<meta property="og:site_name" content="Célébrant mariage Québec" />
<meta property="article:publisher" content="https://www.facebook.com/mariage.avotreimage?fref=ts" />
<meta property="article:modified_time" content="2024-08-14T12:32:21+00:00" />
<meta property="og:image" content="https://mariageavotreimage.com/wp-content/uploads/2024/07/IMG_2107-768x1024.jpg" />
<meta name="twitter:card" content="summary_large_image" />
<meta name="twitter:site" content="@celebranmariage" />
<meta name="twitter:label1" content="Estimation du temps de lecture" />
	<meta name="twitter:data1" content="1 minute" />
<script type="application/ld+json" class="yoast-schema-graph">{"@context":"https://schema.org","@graph":[{"@type":"WebPage","@id":"http://mariageavotreimage.com/index.php/funerailles/","url":"http://mariageavotreimage.com/index.php/funerailles/","name":"418 932-6399 célébration funérailles Montréal","isPartOf":{"@id":"http://mariageavotreimage.com/#website"},"primaryImageOfPage":{"@id":"http://mariageavotreimage.com/index.php/funerailles/#primaryimage"},"image":{"@id":"http://mariageavotreimage.com/index.php/funerailles/#primaryimage"},"thumbnailUrl":"https://mariageavotreimage.com/wp-content/uploads/2024/07/IMG_2107-768x1024.jpg","datePublished":"2015-05-23T21:43:53+00:00","dateModified":"2024-08-14T12:32:21+00:00","description":"célébration funérailles Montréal, funérailles religieuses, funérailles catholiques, funérailles Québec, funérailles juives, funérailles nationales","breadcrumb":{"@id":"http://mariageavotreimage.com/index.php/funerailles/#breadcrumb"},"inLanguage":"fr-CA","potentialAction":[{"@type":"ReadAction","target":["http://mariageavotreimage.com/index.php/funerailles/"]}]},{"@type":"ImageObject","inLanguage":"fr-CA","@id":"http://mariageavotreimage.com/index.php/funerailles/#primaryimage","url":"http://mariageavotreimage.com/wp-content/uploads/2024/07/IMG_2107.jpg","contentUrl":"http://mariageavotreimage.com/wp-content/uploads/2024/07/IMG_2107.jpg","width":1536,"height":2048},{"@type":"BreadcrumbList","@id":"http://mariageavotreimage.com/index.php/funerailles/#breadcrumb","itemListElement":[{"@type":"ListItem","position":1,"name":"Home","item":"http://mariageavotreimage.com/"},{"@type":"ListItem","position":2,"name":"Funérailles"}]},{"@type":"WebSite","@id":"http://mariageavotreimage.com/#website","url":"http://mariageavotreimage.com/","name":"Célébrant mariage Québec","description":"Célébrant mariage","potentialAction":[{"@type":"SearchAction","target":{"@type":"EntryPoint","urlTemplate":"http://mariageavotreimage.com/?s={search_term_string}"},"query-input":"required name=search_term_string"}],"inLanguage":"fr-CA"}]}</script>
<!-- / Yoast SEO plugin. -->

418 932-6399 célébration funérailles Montréal

célébration funérailles Montréal, funérailles religieuses, funérailles catholiques, funérailles Québec, funérailles juives, funérailles nationales

Célébrant mariage Québec

Célébrant mariage
