{"id":174,"date":"2015-05-27T05:11:47","date_gmt":"2015-05-27T05:11:47","guid":{"rendered":"http:\/\/mariageavotreimage.com\/?page_id=174"},"modified":"2024-07-19T22:55:10","modified_gmt":"2024-07-19T22:55:10","slug":"questions-frequentes","status":"publish","type":"page","link":"http:\/\/mariageavotreimage.com\/index.php\/questions-frequentes\/","title":{"rendered":"Questions fr\u00e9quentes"},"content":{"rendered":"<p>Si vous rencontrez des probl\u00e8mes ou avez besoin d&rsquo;aide, cette section est con\u00e7ue pour vous fournir rapidement les informations dont vous avez besoin pour r\u00e9soudre votre probl\u00e8me.<\/p>\n<h2><img fetchpriority=\"high\" decoding=\"async\" class=\"alignnone wp-image-443 size-medium\" src=\"http:\/\/mariageavotreimage.com\/wp-content\/uploads\/2024\/01\/IMG_2895-300x214.jpg\" alt=\"\" width=\"300\" height=\"214\" srcset=\"http:\/\/mariageavotreimage.com\/wp-content\/uploads\/2024\/01\/IMG_2895-300x214.jpg 300w, http:\/\/mariageavotreimage.com\/wp-content\/uploads\/2024\/01\/IMG_2895-1024x730.jpg 1024w, http:\/\/mariageavotreimage.com\/wp-content\/uploads\/2024\/01\/IMG_2895-768x547.jpg 768w, http:\/\/mariageavotreimage.com\/wp-content\/uploads\/2024\/01\/IMG_2895-1536x1095.jpg 1536w\" sizes=\"(max-width: 300px) 100vw, 300px\" \/><\/h2>\n<ul>\n<li>\n<h2><span style=\"color: #808080;\"><a href=\"http:\/\/mariageavotreimage.com\/index.php\/questions-frequentes-mariage\/\">Questions fr\u00e9quentes \u2013 Mariage<\/a><\/span><\/h2>\n<\/li>\n<li>\n<h2><span style=\"color: #808080;\"><a href=\"http:\/\/mariageavotreimage.com\/index.php\/questions-frequentes-funerailles\/\">Questions fr\u00e9quentes \u2013 Fun\u00e9railles<\/a><\/span><\/h2>\n<\/li>\n<li>\n<h2><span style=\"color: #808080;\">Questions fr\u00e9quentes \u2013 Bapt\u00eame<\/span><\/h2>\n<\/li>\n<\/ul>\n<p>&nbsp;<\/p>\n","protected":false},"excerpt":{"rendered":"<p>Si vous rencontrez des probl\u00e8mes ou avez besoin d&rsquo;aide, cette section est con\u00e7ue pour vous fournir rapidement les informations dont vous avez besoin pour r\u00e9soudre votre probl\u00e8me. Questions fr\u00e9quentes \u2013 Mariage Questions fr\u00e9quentes \u2013 Fun\u00e9railles Questions fr\u00e9quentes \u2013 Bapt\u00eame &nbsp;<\/p>\n","protected":false},"author":1,"featured_media":0,"parent":0,"menu_order":0,"comment_status":"closed","ping_status":"closed","template":"","meta":{"footnotes":""},"class_list":["post-174","page","type-page","status-publish","hentry"],"yoast_head":"<!-- This site is optimized with the Yoast SEO plugin v23.2 - https:\/\/yoast.com\/wordpress\/plugins\/seo\/ -->\n<title>418 932-6399 mariage civil montr\u00e9al<\/title>\n<meta name=\"description\" content=\"union civile ou mariage, comment organiser son mariage, c\u00e9l\u00e9bration fun\u00e9raillesmariage civil montr\u00e9al, c\u00e9l\u00e9bration fun\u00e9railles, pr\u00e9paration mariage\" \/>\n<meta name=\"robots\" content=\"index, follow, max-snippet:-1, max-image-preview:large, max-video-preview:-1\" \/>\n<link rel=\"canonical\" href=\"http:\/\/mariageavotreimage.com\/index.php\/questions-frequentes\/\" \/>\n<meta property=\"og:locale\" content=\"fr_CA\" \/>\n<meta property=\"og:type\" content=\"article\" \/>\n<meta property=\"og:title\" content=\"418 932-6399 mariage civil montr\u00e9al\" \/>\n<meta property=\"og:description\" content=\"union civile ou mariage, comment organiser son mariage, c\u00e9l\u00e9bration fun\u00e9raillesmariage civil montr\u00e9al, c\u00e9l\u00e9bration fun\u00e9railles, pr\u00e9paration mariage\" \/>\n<meta property=\"og:url\" content=\"http:\/\/mariageavotreimage.com\/index.php\/questions-frequentes\/\" \/>\n<meta property=\"og:site_name\" content=\"C\u00e9l\u00e9brant mariage Qu\u00e9bec\" \/>\n<meta property=\"article:publisher\" content=\"https:\/\/www.facebook.com\/mariage.avotreimage?fref=ts\" \/>\n<meta property=\"article:modified_time\" content=\"2024-07-19T22:55:10+00:00\" \/>\n<meta property=\"og:image\" content=\"http:\/\/mariageavotreimage.com\/wp-content\/uploads\/2024\/01\/IMG_2895-300x214.jpg\" \/>\n<meta name=\"twitter:card\" content=\"summary_large_image\" \/>\n<meta name=\"twitter:site\" content=\"@celebranmariage\" \/>\n<meta name=\"twitter:label1\" content=\"Estimation du temps de lecture\" \/>\n\t<meta name=\"twitter:data1\" content=\"1 minute\" \/>\n<script type=\"application\/ld+json\" class=\"yoast-schema-graph\">{\"@context\":\"https:\/\/schema.org\",\"@graph\":[{\"@type\":\"WebPage\",\"@id\":\"http:\/\/mariageavotreimage.com\/index.php\/questions-frequentes\/\",\"url\":\"http:\/\/mariageavotreimage.com\/index.php\/questions-frequentes\/\",\"name\":\"418 932-6399 mariage civil montr\u00e9al\",\"isPartOf\":{\"@id\":\"http:\/\/mariageavotreimage.com\/#website\"},\"primaryImageOfPage\":{\"@id\":\"http:\/\/mariageavotreimage.com\/index.php\/questions-frequentes\/#primaryimage\"},\"image\":{\"@id\":\"http:\/\/mariageavotreimage.com\/index.php\/questions-frequentes\/#primaryimage\"},\"thumbnailUrl\":\"http:\/\/mariageavotreimage.com\/wp-content\/uploads\/2024\/01\/IMG_2895-300x214.jpg\",\"datePublished\":\"2015-05-27T05:11:47+00:00\",\"dateModified\":\"2024-07-19T22:55:10+00:00\",\"description\":\"union civile ou mariage, comment organiser son mariage, c\u00e9l\u00e9bration fun\u00e9raillesmariage civil montr\u00e9al, c\u00e9l\u00e9bration fun\u00e9railles, pr\u00e9paration mariage\",\"breadcrumb\":{\"@id\":\"http:\/\/mariageavotreimage.com\/index.php\/questions-frequentes\/#breadcrumb\"},\"inLanguage\":\"fr-CA\",\"potentialAction\":[{\"@type\":\"ReadAction\",\"target\":[\"http:\/\/mariageavotreimage.com\/index.php\/questions-frequentes\/\"]}]},{\"@type\":\"ImageObject\",\"inLanguage\":\"fr-CA\",\"@id\":\"http:\/\/mariageavotreimage.com\/index.php\/questions-frequentes\/#primaryimage\",\"url\":\"http:\/\/mariageavotreimage.com\/wp-content\/uploads\/2024\/01\/IMG_2895-scaled.jpg\",\"contentUrl\":\"http:\/\/mariageavotreimage.com\/wp-content\/uploads\/2024\/01\/IMG_2895-scaled.jpg\",\"width\":2560,\"height\":1825},{\"@type\":\"BreadcrumbList\",\"@id\":\"http:\/\/mariageavotreimage.com\/index.php\/questions-frequentes\/#breadcrumb\",\"itemListElement\":[{\"@type\":\"ListItem\",\"position\":1,\"name\":\"Home\",\"item\":\"http:\/\/mariageavotreimage.com\/\"},{\"@type\":\"ListItem\",\"position\":2,\"name\":\"Questions fr\u00e9quentes\"}]},{\"@type\":\"WebSite\",\"@id\":\"http:\/\/mariageavotreimage.com\/#website\",\"url\":\"http:\/\/mariageavotreimage.com\/\",\"name\":\"C\u00e9l\u00e9brant mariage Qu\u00e9bec\",\"description\":\"C\u00e9l\u00e9brant mariage\",\"potentialAction\":[{\"@type\":\"SearchAction\",\"target\":{\"@type\":\"EntryPoint\",\"urlTemplate\":\"http:\/\/mariageavotreimage.com\/?s={search_term_string}\"},\"query-input\":\"required name=search_term_string\"}],\"inLanguage\":\"fr-CA\"}]}<\/script>\n<!-- \/ Yoast SEO plugin. -->","yoast_head_json":{"title":"418 932-6399 mariage civil montr\u00e9al","description":"union civile ou mariage, comment organiser son mariage, c\u00e9l\u00e9bration fun\u00e9raillesmariage civil montr\u00e9al, c\u00e9l\u00e9bration fun\u00e9railles, pr\u00e9paration mariage","robots":{"index":"index","follow":"follow","max-snippet":"max-snippet:-1","max-image-preview":"max-image-preview:large","max-video-preview":"max-video-preview:-1"},"canonical":"http:\/\/mariageavotreimage.com\/index.php\/questions-frequentes\/","og_locale":"fr_CA","og_type":"article","og_title":"418 932-6399 mariage civil montr\u00e9al","og_description":"union civile ou mariage, comment organiser son mariage, c\u00e9l\u00e9bration fun\u00e9raillesmariage civil montr\u00e9al, c\u00e9l\u00e9bration fun\u00e9railles, pr\u00e9paration mariage","og_url":"http:\/\/mariageavotreimage.com\/index.php\/questions-frequentes\/","og_site_name":"C\u00e9l\u00e9brant mariage Qu\u00e9bec","article_publisher":"https:\/\/www.facebook.com\/mariage.avotreimage?fref=ts","article_modified_time":"2024-07-19T22:55:10+00:00","og_image":[{"url":"http:\/\/mariageavotreimage.com\/wp-content\/uploads\/2024\/01\/IMG_2895-300x214.jpg"}],"twitter_card":"summary_large_image","twitter_site":"@celebranmariage","twitter_misc":{"Estimation du temps de lecture":"1 minute"},"schema":{"@context":"https:\/\/schema.org","@graph":[{"@type":"WebPage","@id":"http:\/\/mariageavotreimage.com\/index.php\/questions-frequentes\/","url":"http:\/\/mariageavotreimage.com\/index.php\/questions-frequentes\/","name":"418 932-6399 mariage civil montr\u00e9al","isPartOf":{"@id":"http:\/\/mariageavotreimage.com\/#website"},"primaryImageOfPage":{"@id":"http:\/\/mariageavotreimage.com\/index.php\/questions-frequentes\/#primaryimage"},"image":{"@id":"http:\/\/mariageavotreimage.com\/index.php\/questions-frequentes\/#primaryimage"},"thumbnailUrl":"http:\/\/mariageavotreimage.com\/wp-content\/uploads\/2024\/01\/IMG_2895-300x214.jpg","datePublished":"2015-05-27T05:11:47+00:00","dateModified":"2024-07-19T22:55:10+00:00","description":"union civile ou mariage, comment organiser son mariage, c\u00e9l\u00e9bration fun\u00e9raillesmariage civil montr\u00e9al, c\u00e9l\u00e9bration fun\u00e9railles, pr\u00e9paration mariage","breadcrumb":{"@id":"http:\/\/mariageavotreimage.com\/index.php\/questions-frequentes\/#breadcrumb"},"inLanguage":"fr-CA","potentialAction":[{"@type":"ReadAction","target":["http:\/\/mariageavotreimage.com\/index.php\/questions-frequentes\/"]}]},{"@type":"ImageObject","inLanguage":"fr-CA","@id":"http:\/\/mariageavotreimage.com\/index.php\/questions-frequentes\/#primaryimage","url":"http:\/\/mariageavotreimage.com\/wp-content\/uploads\/2024\/01\/IMG_2895-scaled.jpg","contentUrl":"http:\/\/mariageavotreimage.com\/wp-content\/uploads\/2024\/01\/IMG_2895-scaled.jpg","width":2560,"height":1825},{"@type":"BreadcrumbList","@id":"http:\/\/mariageavotreimage.com\/index.php\/questions-frequentes\/#breadcrumb","itemListElement":[{"@type":"ListItem","position":1,"name":"Home","item":"http:\/\/mariageavotreimage.com\/"},{"@type":"ListItem","position":2,"name":"Questions fr\u00e9quentes"}]},{"@type":"WebSite","@id":"http:\/\/mariageavotreimage.com\/#website","url":"http:\/\/mariageavotreimage.com\/","name":"C\u00e9l\u00e9brant mariage Qu\u00e9bec","description":"C\u00e9l\u00e9brant mariage","potentialAction":[{"@type":"SearchAction","target":{"@type":"EntryPoint","urlTemplate":"http:\/\/mariageavotreimage.com\/?s={search_term_string}"},"query-input":"required name=search_term_string"}],"inLanguage":"fr-CA"}]}},"_links":{"self":[{"href":"http:\/\/mariageavotreimage.com\/index.php\/wp-json\/wp\/v2\/pages\/174"}],"collection":[{"href":"http:\/\/mariageavotreimage.com\/index.php\/wp-json\/wp\/v2\/pages"}],"about":[{"href":"http:\/\/mariageavotreimage.com\/index.php\/wp-json\/wp\/v2\/types\/page"}],"author":[{"embeddable":true,"href":"http:\/\/mariageavotreimage.com\/index.php\/wp-json\/wp\/v2\/users\/1"}],"replies":[{"embeddable":true,"href":"http:\/\/mariageavotreimage.com\/index.php\/wp-json\/wp\/v2\/comments?post=174"}],"version-history":[{"count":9,"href":"http:\/\/mariageavotreimage.com\/index.php\/wp-json\/wp\/v2\/pages\/174\/revisions"}],"predecessor-version":[{"id":3547,"href":"http:\/\/mariageavotreimage.com\/index.php\/wp-json\/wp\/v2\/pages\/174\/revisions\/3547"}],"wp:attachment":[{"href":"http:\/\/mariageavotreimage.com\/index.php\/wp-json\/wp\/v2\/media?parent=174"}],"curies":[{"name":"wp","href":"https:\/\/api.w.org\/{rel}","templated":true}]}}